t(u) = u**2 + 13. Let n be t(0). Is m(n) a composite number?
False
Let n = 506 + -488. Let i = -17 + 17. Suppose 22*r - n*r - 1724 = i. Is r a prime number?
True
Let q(x) = -228*x + 97. Let b(p) = -2*p**3 - 18*p**2 - 13*p + 15. Let n be b(-8). Is q(n) composite?
True
Let s = -466 + 472. Is 10 + 5 + 6932 - s*1 a prime number?
False
Let i = -76 + 64. Let l = i - -11. Is ((659 - l) + 10/5)/2 composite?
False
Suppose -4*p = -2*l + 24, 3*p - p + 8 = -l. Suppose 7*o + l*o = 18. Suppose 2 = o*w, -w = 7*h - 6*h - 4736. Is h composite?
True
Is (43/4)/(1/((-471105)/(-15) + 5)) a composite number?
True
Suppose -211*t - 12 = -214*t. Suppose -j - 3*n = -5204, -t*j + 14*n = 11*n - 20831. Is j prime?
False
Suppose -2*t - 8*r = -7*r - 10876, 0 = -2*t - 5*r + 10876. Let y = t + -3235. Is y a prime number?
True
Suppose 2*g + 5114 = 2*x, 3*x - 4*x - g = -2555. Let v = -1385 + x. Let t = -540 + v. Is t prime?
True
Let a = -17492 - -18895. Is a composite?
True
Let j(w) be the third derivative of 5*w**4/12 - 3*w**3/2 - 2*w**2. Suppose t + 2*b = 27, -3*t - 127*b + 71 = -123*b. Is j(t) a prime number?
False
Let t be 30/8 + 1/4. Suppose -3*v + 5*k + 2316 = -v, -t*k + 5823 = 5*v. Is v composite?
False
Let j(u) = 2*u + 4. Let h be j(0). Let a(c) = -c**2. Let s(m) = -45*m**3 - 5*m**2 - m - 2. Let o(r) = 3*a(r) - s(r). Is o(h) a prime number?
False
Let y(v) = 44584*v**2 + 24*v + 229. Is y(-5) a composite number?
False
Let k(n) = -2*n**3 + 5*n**2 - 3*n + 4. Let m be k(2). Suppose -29761 = -3*g - m*t, -31*g = -36*g - 4*t + 49599. Is g a prime number?
True
Is (-462)/(-616) + (3/5 - 4393033/(-20)) a prime number?
False
Let v(h) = 3*h**2 - 33*h - 2029. Is v(-67) composite?
False
Suppose 14*y + 2*y = 0. Suppose 2*x - 24849 = -2*p - 3*p, y = -3*x - 5*p + 37286. Is x composite?
False
Suppose -9 = -3*x, -4*z - 5*x + 6 = -3*x. Let c(f) = 15*f - 82 + z*f**3 + 81 + f**3 - 4*f**2. Is c(7) a composite number?
False
Let h = -16758 + 143855. Is h a composite number?
True
Let n(s) = 18*s**3 + 14*s**2 - 49*s + 17. Let x be n(9). Suppose 6*i = 5*i - 5, 0 = 4*a - 4*i - x. Is a prime?
False
Let z(a) = 45*a**2 + 5*a + 5. Let s be z(-5). Suppose 8*i + 3343 = -s. Let l = i + 1819. Is l prime?
False
Let t = 68 + -55. Let c = t + -32. Is c*3/(-6)*106 a composite number?
True
Let p = -162 + 161. Is ((-150)/(-10) - -2)/(p/(-1747)) prime?
False
Let w(i) = 639*i**2 - 33*i - 827. Is w(-28) a composite number?
True
Let f(r) = 1909*r + 40. Let s(t) = -3*t**2 + 49*t + 35. Let p be s(17). Is f(p) a composite number?
False
Suppose -908*l = -913*l + 541655. Is l composite?
True
Let d(m) = 24*m**2 + 10*m - 17. Let q be (-104)/(-17) - (-2)/(-17). Is d(q) prime?
True
Let z(b) = -52*b + 6. Let d(w) = 1. Let s(r) = 5*d(r) - z(r). Let o be (-7 + (-38)/(-8))*-4. Is s(o) prime?
True
Suppose -5*o - 5306 - 599 = -v, -4*o = -v + 4725. Let h(w) = -33*w**3 - 2*w**2 - 5*w - 5. Let m be h(4). Let z = o - m. Is z composite?
True
Let h(s) = s**3 + 10*s**2 + 13*s + 20. Let j be h(-8). Suppose 5*w + 4*k = 5*k + 39, 4*k + j = 4*w. Suppose w*d = -d + 424. Is d a prime number?
True
Let y(o) = -1883*o + 11429. Is y(-124) prime?
False
Suppose 7*g = -9*g + 455328. Let y = g - 13661. Is y a prime number?
True
Let r = -4 - -6. Let f be (1/(-10) + 36180/(-200))/(-1). Suppose -r*s = f - 851. Is s composite?
True
Suppose 3*g = -4*k + 47817, 4*k - 67532 = -4*g - 3784. Is g prime?
False
Let t be (-14 - -13)*(-4)/2. Suppose t*a - 5*q + 15 = -2*a, 4*a - 12 = -4*q. Suppose -3*b + 19449 = 5*s - 17963, s - 4*b - 7487 = a. Is s a composite number?
True
Let y(o) = -o**2 + 9*o - 22. Let p be y(4). Let c be -4*4/20*3235/p. Suppose c = -7*r + 9*r. Is r composite?
False
Let k(r) be the third derivative of 0 + 3/8*r**4 + 0*r + 1/30*r**5 + 31/6*r**3 - 7*r**2 + 1/120*r**6. Is k(13) prime?
True
Suppose 549*y - 1103*y = -552*y - 156082. Is y a composite number?
False
Let s = 1683 - 832. Suppose 7*x = 8*x - s. Is x prime?
False
Suppose r + 4*r + 10 = 0. Let l be r*(-20 - -11)*(-2358)/4. Let t = -5906 - l. Is t composite?
True
Let w be (1406/111)/(2/681). Suppose w = 23*f - 14018. Is f composite?
False
Suppose -4*g = 12, 2*o - 2*g - 339 = 493. Is o a prime number?
False
Is ((-6 + 4)/6)/((204/(-1275084))/17) composite?
False
Suppose 2*l = -2*p + 7*p - 3304979, -3*l = 3*p - 1982979. Is p composite?
True
Suppose 0 = 4*h + 5*u - 1598, -6*u + u + 10 = 0. Suppose -4*x + 4*t = -656, 2*x = t - 74 + h. Is x a composite number?
True
Suppose 10*d - 487401 = -3*l, 0 = -7*l + 2*l + 3*d + 812335. Is l composite?
True
Suppose 4437 = 4*y - 3*q, 5*y - 10*q + 5*q = 5545. Suppose 452 = -2*i + y. Is i composite?
True
Let b = 399 + -379. Suppose 4*l = b, 2*l - 6*l - 18326 = -2*k. Is k prime?
True
Let y = 588 + -1256. Let z = 1785 + y. Is z a prime number?
True
Suppose 3*v + t = 781, -3*v - 2*t + 1042 - 266 = 0. Suppose 1600 = 3*j + v. Is j composite?
True
Let b = 43 - 37. Suppose 0 = 2*t + 2, 4*t - b = 3*k + 2477. Let q = 1574 + k. Is q a composite number?
True
Suppose -3*u = -2*g + 4*g - 1205, 4*g - 2395 = -3*u. Let t(c) = 6*c**2 + 2*c - 12. Let p be t(-6). Let r = g + p. Is r prime?
True
Let y(d) = 128*d + 11. Let s(w) = 129*w + 11. Suppose 2*a + 21 = -5*m + 7, 2 = -a. Let t(f) = m*s(f) + 3*y(f). Is t(3) prime?
True
Let d(i) = 5*i + 15. Let v be 4/((-4)/8 + 1). Let g be d(v). Suppose c - g = 7. Is c prime?
False
Let h be 3/(-12) + 276409/(-28). Let r = -6250 - h. Is r a composite number?
True
Suppose 4*g + 14 = -5*m, m = -4*g - 11 + 5. Is ((-4)/(-3) + m/1)*-9489 prime?
False
Let y(v) = -197 - 197 + 401 - 4*v + 128*v**2. Is y(3) a composite number?
True
Suppose 2*f - 1836626 = -4*y, -4*f + 14*y - 16*y = -3673300. Is f composite?
False
Let u(m) = 6 + 7 - m**3 - m**2 + 24 - 2*m + 2*m**3. Let y be u(0). Suppose -z = -30 - y. Is z a prime number?
True
Suppose 5*x = 0, -7*x = -4*m - 3*x + 66948. Suppose m = -6*n + 27*n. Is n prime?
True
Let i(z) = -16*z**3 + 7*z**3 - 20 - 47*z + 7*z**3 - 2*z**2 - 20*z**2 - 3. Is i(-20) a composite number?
False
Suppose -1822*d - 672197 = -1839*d. Is d prime?
True
Let x(o) = 74*o**2 - 25*o - 67. Let k be (-4)/(-3)*(25 + -28). Is x(k) a prime number?
True
Let a = -488 - -497. Suppose -10*u = -a*u - 2927. Is u composite?
False
Suppose -164*p - 17308 = -166*p. Suppose 0 = 4*h + a - 62316, -5*h = -3*a - 69224 - p. Is h prime?
False
Let y(i) = -151*i**3 - 4*i**2 + 8*i + 10. Let h be y(6). Let m = -17733 - h. Is m a composite number?
False
Let g(f) = f**2 + f. Let y(i) = -9*i**3 + 4*i**2 + 11*i - 1. Let a(q) = -6*g(q) + y(q). Suppose 4*p - 4 = -20. Is a(p) composite?
False
Let l(t) = -4609*t - 188. Is l(-1) prime?
True
Suppose 0 = -4*n - 3*k + 54458, -5*n - 3*k + 68073 = k. Is n a composite number?
False
Let d(o) = -17*o**3 + o**2 + o - 6. Let p be d(2). Let x = p - -138. Is (-3489)/(-3) + -4 + -2 + x composite?
True
Suppose -2*q = 4*x - 0*x + 642, q = 2*x - 337. Let k = 688 + q. Let a = -42 + k. Is a a composite number?
False
Is (106/3)/(6/(-45) - 215880/(-1616850)) a prime number?
False
Suppose -6*v = -5*v - 21. Suppose 20*h = v*h - 13. Suppose -8*z - h + 309 = 0. Is z composite?
False
Let t(c) be the second derivative of 0 - 7/6*c**3 + 11*c + 35/2*c**2. Is t(-8) composite?
True
Let h be (-26*11 - 5)*-1. Let y = h - 88. Is y a composite number?
True
Let l be (3958/(-4) - -1)*(-6 + 4). Suppose -v = -l - 640. Is v a prime number?
True
Suppose -3*n - s + 9974 = 0, 2*n - 3*s = s + 6640. Suppose 2*a + 2*a + 3*z + 13252 = 0, 0 = a - 2*z + n. Let b = a - -5873. Is b a prime number?
True
Let l be 0/((0 - -1)*-1). Let b = -7 - l. Is (-1 - -50)/(8 + b) prime?
False
Let p(c) = -c**3 + 5*c**2 - 8*c + 6. Let r be p(3). Suppose 0*w + 5*t = -3*w - 5565, -5*w + 3*t - 9241 = r. Let l = w + 3733. Is l prime?
False
Let y(k) = 15120*k**2 - 7*k + 8. Suppose -2 = v - 3. Is y(v) a prime number?
True
Let j = -5 + 13. Let u(d) = -19*d + 330*d + 17 - 149*d. Is u(j) prime?
False
Suppose -3*g - 360471 = -3*n, 137539 = 2*n + g - 102751. Is n a composite number?
True
Suppose 399*r - 420*r = -3838695. Is r a composite number?
True
Let o(a) = 6*a**3 - a**2 - 4*a - 1. Let g = 43 + -41. Let b(l) = -5*l**3 + 3*l + 1. Let h(n) = g*o(n) + 3*b(n). Is h(-4) a prime number?
True
Let s = -61 + 35. Let h be s/4*(10 + -30). Suppose k - i = 114, 5*k - h - 450 = -5*i. Is k a composite number?